= -18*x. What is the units digit of o?
1
Suppose -5*r - b - 3 = 0, -2*b - 6 = 22*r - 17*r. Suppose 3*o + 3*l - 2901 = r, -4*l - 1800 = -4*o + 2036. What is the hundreds digit of o?
9
Let w = 573 - -1469. What is the units digit of w?
2
Suppose 12*b = -19*b - 62. Let s = -4 + 3. What is the hundreds digit of (156/(-36))/((b - s)/24)?
1
Let g = 1650 - 1154. Suppose -g + 65 = -z. What is the hundreds digit of z?
4
What is the ten thousands digit of (1812228/198)/(6/9)?
1
Suppose 230 = 3*i + 2*i. Let d(l) = -l**3 - 23*l**2 + 52*l + 7. Let k be d(-25). Let z = i - k. What is the units digit of z?
9
Suppose 3*k - 40 = 8*k. Let b be 834/4*k/12. Let a = 204 + b. What is the units digit of a?
5
Let a(o) = 521*o**2 + 41*o + 260. What is the tens digit of a(-8)?
7
Let q = -21595 - -32270. What is the hundreds digit of q?
6
What is the hundreds digit of ((-18319)/(-4))/((-8)/(-32))?
3
Suppose -v + 10 = 4*v. Let s(w) be the second derivative of 3*w**5/20 - w**4/6 + w**3/3 + 50*w. What is the units digit of s(v)?
0
Let d = -17359 - -23746. What is the units digit of d?
7
Suppose 112*o - 3 = 111*o + 3*h, -5*h = -o + 3. Suppose -3*n = -0*n - 9. Suppose 0 = s - i - 138, -o*s + n*i + 417 = i. What is the units digit of s?
1
Let m be ((-1006)/(-3))/(-2*(-3)/(-27)). Let a = -543 - m. What is the tens digit of a?
6
Let d = 5510 - 916. What is the tens digit of d?
9
Let g(a) = a**2 + 4*a - 30. Suppose -6*i = -11*i + 300. Suppose -5*h + 9*h + i = 0. What is the hundreds digit of g(h)?
1
Suppose 2*y + 1000 - 626 = 0. Let s = 552 + y. What is the tens digit of s?
6
Suppose 51 = 3*u - 3*h, 0*h = 4*u + 3*h - 96. Suppose -u*p + 21384 = 15*p. What is the units digit of p?
4
Let x(j) = 162*j + 219. Let h be x(-8). What is the units digit of ((-40)/12 + 3)*h?
9
Let c(h) = -h**3 + 13*h**2 - 10*h - 15. Suppose 0*f = -7*f + 84. Let q be c(f). Suppose 99 = q*v - 6*v. What is the units digit of v?
3
Let o = 97 + -109. Let r be (45/o)/(5/(-280)). Suppose -5*g = 0, 5*g - r = -t - 27. What is the tens digit of t?
8
Let h(b) = -230*b**3 - 5*b**2 - 10*b - 18. What is the tens digit of h(-3)?
7
Suppose -45*x - k = -44*x - 9480, 5*x - 47382 = k. What is the thousands digit of x?
9
Let h = 83 + -603. Let m = h - -588. What is the units digit of m?
8
Let i(g) = g**2 - 5*g - 35. Let w be i(16). Let n = w + 100. What is the units digit of n?
1
What is the units digit of (-947755)/(-259) + 20/28?
0
Let h(u) = 15*u**2 - 56*u + 1255. What is the hundreds digit of h(59)?
1
Let c(d) = -d**3 - 5*d**2 - 5*d - 22. Let r be c(-5). Suppose -r*g + 2329 = -m - 3*m, 2*m - 10 = 0. What is the hundreds digit of g?
7
Suppose -a + 13*f = 16*f - 7698, 0 = 2*a - 4*f - 15446. What is the units digit of a?
3
Suppose 0 = -2*f + 19 - 11. Suppose 0 = -0*u - 4*u + f. What is the units digit of (58 - 8)*(1 + u + -1)?
0
Suppose -48 = -5*k - k. Let q(x) = -6*x**2 + 67*x - 6. What is the units digit of q(k)?
6
Let d = -3320 + 1864. What is the tens digit of 3*(d/(-18) + 6/(-27))?
4
Let x(q) = q**3 + 19*q**2 + 21*q + 64. Let n be x(-18). Suppose -2652 = -4*h - 9*r + n*r, 5*r = -2*h + 1348. What is the tens digit of h?
6
Let y(g) = 1306*g**3 + 23*g**2 + 11*g - 11. What is the units digit of y(3)?
1
Let u be (20/30)/((-2)/78*-2). Suppose -5*j + 8 = -2*q - 2, 2*j + q - u = 0. Suppose 71 = 5*i + 2*t, 5*t - 2*t = -j*i + 61. What is the tens digit of i?
1
Suppose -4*d + 54 = -86. Let o be -12 + 13 + (0 - 0) + -1. Suppose o = 31*w - 36*w + d. What is the units digit of w?
7
Suppose 17 = 3*i - 5*h, -i + 25 = -6*i - 5*h. Let v = -435 + 446. Let f = i + v. What is the tens digit of f?
1
What is the units digit of (866/(-3))/(928/(-6960))?
5
Let n = -93 - -119. Suppose 24*g + 10 = n*g. Suppose -g*j = -7*j + 214. What is the hundreds digit of j?
1
Suppose 3*q - q - 68 = -5*s, 2*s = 3*q + 12. Let i(y) = y**2 - 4*y - 7. What is the units digit of i(s)?
9
Suppose 5*o - 4*v - 14122 = 4245, 2*o - 2*v = 7348. Suppose 0 = 5*h - i - 1990 - o, -12 = -3*i. What is the tens digit of h?
3
Let n be -2*3*4/8 - -142. Suppose 4*t = 2*v + 538, -n = -2*t + t - v. What is the tens digit of t?
3
Let c = 165650 + -99565. What is the thousands digit of c?
6
Let k be -1*((-1)/2)/(1/10). Suppose -m - 198 = k*m. What is the tens digit of 3/((-132)/(-3880)) - (-6)/m?
8
Suppose -319 - 209 = -z. Suppose 0 = 3*f + 3*b - 90 + 765, 2*f = 4*b - 432. Let u = f + z. What is the tens digit of u?
0
Let g = 454 + 794. Suppose g - 3954 = -6*z. What is the units digit of z?
1
Suppose 1834 = 4*q - 2198. Let z = q + -266. What is the units digit of z?
2
Let a(w) = 28 + 10 - 27 + 35*w + 43. What is the units digit of a(7)?
9
Let z(k) = 41*k**3 + 10*k**2 - 15*k + 22. What is the tens digit of z(4)?
4
Suppose -2*f + f = 2*z - 112, -2*z = 4*f - 436. Let v = 111 - f. Suppose -4*i + 1006 = -r + v, 3 = -r. What is the tens digit of i?
5
Let x = 14106 + -1349. What is the units digit of x?
7
What is the hundreds digit of ((-214)/(-8))/(((-24)/(-320))/((-54)/(-4)))?
8
Suppose 2*b - 4948 = 5*l, 3*b - 50*l = -47*l + 7395. What is the thousands digit of b?
2
Suppose 0 = 8*z - 1 - 31. What is the hundreds digit of 5*(-7)/140 + 3697/z?
9
Let u = -165 - -249. Let i = u + -79. Suppose 499 = 3*n + d, -3*n + i*d = 3*d - 496. What is the hundreds digit of n?
1
Suppose 2*a - 9 = -3*a - 4*z, -3*a - 3*z = -3. Suppose 4*c = -2*t + 8 + 96, c = -a*t + 305. What is the units digit of t?
2
Let g(b) = b**3 + 22*b**2 - 23*b + 1. Let z be g(-23). Let j be ((-16)/6 - -3)/(z/36). What is the tens digit of 3/j + (-307)/(-4)?
7
Suppose -83 = -8*g - 499. Let k = g - -53. What is the tens digit of k*-7*(-7)/(98/276)?
3
Let a = -636 - -1145. What is the hundreds digit of (a - -2)*-3*4/(-42)?
1
What is the tens digit of 5/4*286264/55?
0
Let o = 35 - 32. What is the tens digit of (2 - 529/o)/(10/(-60))?
4
Suppose -3*n - 11 + 65 = 5*g, -5*g + 4*n + 33 = 0. Let a(m) = 4*m + 7*m**2 - g*m - 4*m**2. What is the hundreds digit of a(-6)?
1
Let t(v) = v - 7. Suppose -2*r - 4 = -50. Let p be t(r). Let y = p + -1. What is the units digit of y?
5
Let a be 58 - 7*8/28. Suppose -a*z = -59*z + 618. What is the tens digit of z?
0
Suppose 136*q - 84*q = 425776. What is the hundreds digit of q?
1
Suppose 87*c = 36*c + 713694. What is the thousands digit of c?
3
Let o(y) = y**3 + 4*y**2 - 4. Let z be o(-3). Suppose 25 - z = 10*r. Suppose 4*f - 4*m = 76, 3*m + 10 = r*f - 27. What is the tens digit of f?
2
Let s be (-37)/(-6) - 5/(-180)*-6. What is the tens digit of (-365)/(-4) - s/24?
9
Let p = 1950 - -2767. What is the units digit of p?
7
Let b(k) = -8*k**3 - 7*k**2 - 4*k + 17. Let p be b(-5). Let d = -341 + p. What is the hundreds digit of d?
5
What is the units digit of 5/11*(18943 - -714)?
5
Suppose 0 = o - 3*h + 75 - 9, 2*h - 8 = 0. Let w = o + 89. Suppose 0 = -g + w + 71. What is the hundreds digit of g?
1
Let q(i) = i**3 - 23*i**2 + 32*i - 4. Let f be q(21). Let s = 778 + f. What is the units digit of s?
4
Let w(s) = -2*s**2 - 2*s + 78. Let j(f) = -f**3 - 4*f**2 + f + 9. Let a be j(-4). Suppose 4*v - a*k = 25, 35 = -2*v - 5*k + 10. What is the tens digit of w(v)?
7
Let j(y) = -75*y**3 + 3*y + 2. Let k(w) = -8*w + 17. Let c(u) = -7*u + 17. Let x(r) = 6*c(r) - 5*k(r). Let d be x(9). What is the units digit of j(d)?
4
Let u(p) = p**2 + 3 + 15 - 7 - 21*p. What is the tens digit of u(24)?
8
What is the hundreds digit of ((-8492)/1)/(-1) - ((-288)/(-16) + -15)?
4
Suppose -13*y = -10*y + 834. Let p = 390 + y. What is the hundreds digit of p?
1
Let y(r) = r**2 - 4*r - 4. Let f be y(5). Suppose -3*a - 4 = -f. What is the units digit of (35 - (-1 + 4)) + a?
1
Let b(t) = -t**2 + 10*t + 15. Let i(k) = k**2 - 9*k - 15. Let s(l) = 5*b(l) + 6*i(l). Let o be s(14). Suppose -35 = -5*z + o. What is the units digit of z?
2
Let c(u) = 675*u - 704. What is the hundreds digit of c(15)?
4
What is the thousands digit of ((-6)/((-132)/(-13079)))/(3 - (-412)/(-136))?
0
Suppose -2*j = j + a - 996, -a + 1327 = 4*j. Suppose -4*n = -4*s + 831 - j, 0 = -5*s + n + 641. What is the tens digit of s?
2
Suppose -5*p - 6 = -36. Let a = 15 - p. What is the tens digit of 3/a*(2 + 1)*83?
8
Let l(j) = 2*j**2 + j - 20. Let d(v) = -v**2 - v + 30. Let m be d(5). Suppose m*h - 54 = -6*h. What is the hundreds digit of l(h)?
1
What is the hundreds digit of ((-43